(0). Suppose -5*t + h = -31. Let o = t - -9. Calculate the remainder when 30 is divided by o.
14
Let m = -32 + 46. Let p = m - -69. What is the remainder when p is divided by (-8 - -9) + 19 + 1?
20
Let p = -24 + 48. Let n(l) = -l**3 + 14*l**2 - 31*l - 20. What is the remainder when n(10) is divided by p?
22
Suppose d = 5*r - 303 - 150, -3*r - 2*d + 277 = 0. Let c = 28 + 3. Calculate the remainder when r is divided by c.
29
Suppose -4*v + 190 = 42. Let d = v + -21. Calculate the remainder when 109 is divided by d.
13
Let y(l) = 8*l + 64. Calculate the remainder when 40 is divided by y(-5).
16
Suppose 38*p - 43*p = -760. Calculate the remainder when p is divided by 22.
20
Let p(m) = 27*m - 5. Let d = -2186 - -2212. Calculate the remainder when p(4) is divided by d.
25
Let q be 0/(-1*(1 + 0)). Suppose 0 = 2*v - 5*u - 21, 3*v - 2*u = -q*u + 48. Let i(a) = a**2 + 5*a - 3. What is the remainder when i(4) is divided by v?
15
Suppose 47 + 1 = 6*u. Let x = 84 - 47. Calculate the remainder when x is divided by u.
5
Suppose 0 = -5*v + 25, -2*g = -0*g + 5*v - 51. Calculate the remainder when g is divided by -2*1 + (-28)/(-4).
3
Let o = -99 - -228. Suppose 3*a - o = -7*q + 2*q, 4*q - 5*a - 118 = 0. Suppose -2*r + q = 5. What is the remainder when 30 is divided by r?
8
Let m = -213 + 464. Let c be (-20)/110 + m/(-11). Calculate the remainder when -2 - c - 0/(-3) is divided by 12.
9
Suppose -4*d + 380 = -0*d. Let v = 173 - d. What is the remainder when v is divided by 41?
37
Suppose -2*c + 4*m = c - 26, 32 = 4*c - 4*m. Let k be ((-27)/5)/(c/(-20)). What is the remainder when 256/k - 10/45 is divided by 4?
2
Let l(h) = 3*h**2 + 2*h - 6. Let c be l(-3). Let k = c + -8. What is the remainder when k is divided by 2?
1
Let g = 136 + -123. What is the remainder when 39 is divided by g?
0
Suppose -60 = -c + 5*g, -g - 3 = 2. What is the remainder when 53 is divided by c?
18
Let g(c) = 2*c + 11. Let b be g(-5). What is the remainder when 23 is divided by b/(5*2/40)?
3
Suppose 3*f + c - 287 = 7*f, 4*f + 277 = 3*c. Suppose -238 = -2*n - 2*r, 3 + 2 = r. Let y = f + n. Calculate the remainder when y is divided by 14.
13
Suppose 321 - 282 = 3*v. What is the remainder when 21 is divided by v?
8
Let w(x) = -2*x**3 - x**2 - 4*x - 10. What is the remainder when 14 is divided by w(-2)?
4
Let t = -1 - 3. Suppose 52*h = 57*h - 4*a - 104, 4*h + 2*a - 78 = 0. Calculate the remainder when (-1)/2 - 154/t is divided by h.
18
Let q = -58 - -75. Suppose -q = -2*h + n, -n - 42 = -5*h + 8. What is the remainder when 19 is divided by h?
8
Let f = 593 - 881. What is the remainder when f/(0 + -4) - 1 is divided by 18?
17
Let i(o) = -26*o + 90. What is the remainder when i(3) is divided by 11?
1
Suppose 3*a = 9*a + 120. Let k = 22 + a. Calculate the remainder when k is divided by 10/6 + (-1)/(-3).
0
Suppose r - 13 = -5*s + 1, 5*s = 3*r + 18. Suppose -g + 5*x + 47 = 2*g, 4*g + s*x - 111 = 0. What is the remainder when g is divided by 4/14 + (-801)/(-63)?
11
Let c = 1138 + -1121. Calculate the remainder when 84 is divided by c.
16
What is the remainder when 62 is divided by (-12870)/(-792) + (-2)/(-8)*-1?
14
Let l(g) = -18*g + 40. Let a be l(7). Let o = a + 125. Calculate the remainder when o is divided by 12.
3
Suppose -m + g = -43, 91 = 2*m - g - 2*g. What is the remainder when m is divided by 10?
8
Suppose -5*c + 84 = 3*y, -c - 3*y + 16 = 4. Calculate the remainder when 21 is divided by c.
3
Suppose -1069 + 2785 = 33*f. Calculate the remainder when 259 is divided by f.
51
Let u(h) = 9*h**2 - 36*h + 5. Calculate the remainder when u(-4) is divided by 42.
41
Let k(y) = -36*y - 99. Calculate the remainder when k(-5) is divided by 45.
36
Suppose 4*t = -0*t + 20. Let b(y) = 5*y**2 - 2*y. Let s(a) = 4*a**2 - 2*a. Let o(z) = -2*b(z) + 3*s(z). Calculate the remainder when o(-2) is divided by t.
2
Suppose 209*g - 99*g - 606 = 604. Suppose 2*w = 4*y + 78, 2*y - 61 - 45 = -4*w. What is the remainder when w is divided by g?
7
Let m(a) = 3*a - 7. Let z be m(-7). Let y = z - -45. Let k(q) = -q**2 + 16*q + 22. Calculate the remainder when 14 is divided by k(y).
4
Suppose 310*a - 312*a = -3*h + 32, -15 = -3*a. Let v(t) = t**2 - 4*t + 4. Calculate the remainder when v(-4) is divided by h.
8
Let l(b) = b**3 - 6*b**2 + 8*b + 5. Let n be l(5). Suppose -3*q + 2*a = -72, -4 - n = -q - 2*a. What is the remainder when 94 is divided by q?
22
Let y = 1270 + -1147. Calculate the remainder when y is divided by 42.
39
Let k(b) = 3*b**2 + 2*b + 4. Let v(s) = 3*s. Let a be v(-1). What is the remainder when (-1)/(139/(-46) - a) is divided by k(-2)?
10
Let g be (64 - 0/4)/(-1). Let s = 101 + g. Suppose 2*h + h = -l + s, 49 = 3*h + 4*l. What is the remainder when 32 is divided by h?
10
Suppose 4*a - 4*m - 73 = 39, -m = 2*a - 59. Suppose -a = 4*f - 113. What is the remainder when f is divided by 12?
9
Suppose -6*g + 81 - 3 = 0. Suppose -28*a + g = -27*a. Calculate the remainder when (36 - 2) + 0/(-2) is divided by a.
8
Suppose b - 5*z - 59 = -3, -5*b = -3*z - 192. Let w = -115 - -128. What is the remainder when b is divided by w?
10
Let a(c) = c**3 + 19*c**2 - 22*c - 38. What is the remainder when a(-20) is divided by -1*(-4)/(1 - -3)?
0
Suppose -5*g + 3*n = -n - 51, -5*n - 48 = -4*g. Suppose -314 = -g*z - 62. What is the remainder when z is divided by 13?
10
Suppose 2*b = 4*q - 6, 52*q - b + 9 = 53*q. Suppose 3*n - 7 = 20. What is the remainder when n is divided by q?
1
Let c(k) = 18*k**2 - 6*k - 4. What is the remainder when c(-2) is divided by 36?
8
Let n be ((-4)/4)/((-4)/668). Let y = n - 93. Calculate the remainder when y is divided by 20.
14
Let l = 113 - 72. Let v(y) = -y**3 + 18*y**2 + 37*y + 74. What is the remainder when l is divided by v(20)?
13
Let s = 52 - 0. Let o = 414 - 262. Calculate the remainder when o is divided by s.
48
Let l = 2273 - 2238. Calculate the remainder when 93 is divided by l.
23
Let p(h) = 2*h + 1 + 10 + 0*h. Suppose -3*o - 4*i = -13, 2*o + 6*i - i - 4 = 0. What is the remainder when p(o) is divided by 7?
4
Suppose 4*o + 14 = 2*f, 0*o = -2*f + o + 2. What is the remainder when 95 is divided by (-24)/(f - (-20)/8)*-1?
15
Let i = 1522 + -1400. What is the remainder when i is divided by 21?
17
Suppose 0 = 3*l - 15, -3*x + 4*x + 4*l - 121 = 0. Suppose -252*z + 260*z - 120 = 0. What is the remainder when x is divided by z?
11
Let i(o) = 2*o + 372. What is the remainder when i(0) is divided by 25?
22
Let i = -27 + 29. Suppose l + 5*k = -i*l + 40, -30 = -l - 5*k. What is the remainder when 29 is divided by l?
4
Let t be (16/(-24))/((-4)/618 + 0). Suppose 4*i - 195 = -t. What is the remainder when 50 is divided by i?
4
Let y(d) = -71*d - 72. Let t(z) = -24*z - 24. Let b(f) = -8*t(f) + 3*y(f). What is the remainder when 88 is divided by b(-2)?
16
Let c = -54 - -28. What is the remainder when 50 is divided by (-1 + -26)/(39/c)?
14
Let u(m) = -m**3 + 2*m**2 + m - 2. Suppose 6*v + 1260 = 48. Calculate the remainder when u(-3) is divided by -6*(v/60 + (-8)/60).
19
Suppose 176 = 12*k - 1540. Calculate the remainder when k is divided by 22.
11
Let s(h) = 0*h + 4*h + 2*h**2 - 6 + 12 - 5. What is the remainder when 26 is divided by s(-3)?
5
Let p(c) = -7 - 2 + 5*c**2 - 6 - 4*c**2. Suppose b - 3*f - 41 = 0, -3*b + 2*f + 112 = 4*f. Calculate the remainder when b is divided by p(5).
8
Suppose 5*v - 10 = -5. Let u(i) = i**2 + 5*i + 1. Calculate the remainder when (-12)/4*v - -22 is divided by u(-6).
5
Let o = 5 - -1. Calculate the remainder when (o/9)/(12/522) is divided by 5.
4
Suppose -47*y = -105*y + 464. Let v(t) = -4*t - 8. Let h be v(-6). Let j = h - 10. What is the remainder when y is divided by j?
2
Suppose 5 = -r + 7. Suppose -i + 2*i = 4*u - 195, -r*i = 6. Suppose -y = 2*y - u. Calculate the remainder when y is divided by 9.
7
Suppose -3 = 3*u, -28 + 0 = -5*i + 3*u. Calculate the remainder when i is divided by 5.
0
Calculate the remainder when (534/(-3))/(12/4 - 5) is divided by 10.
9
Suppose 3*w + 247 = 2*j, -3*w + 635 = 4*j + 96. Let i = 138 - 74. What is the remainder when j is divided by (-5)/((-10)/i) - (-3 - -2)?
32
Let r = 1 - -3. Let w = 160 + -134. Suppose r*f - w - 42 = 0. Calculate the remainder when f is divided by 5.
2
Suppose -17*h = -311 - 862. Calculate the remainder when h is div